{"id":6330,"date":"2025-09-12T10:06:09","date_gmt":"2025-09-12T08:06:09","guid":{"rendered":"https:\/\/domigoo.pl\/index.php\/produkt\/air-fryer-frytkownica-beztluszczowa-12l-berlingerhaus-bh-9549-black-rose-collection\/"},"modified":"2025-09-12T10:06:09","modified_gmt":"2025-09-12T08:06:09","slug":"air-fryer-frytkownica-beztluszczowa-12l-berlingerhaus-bh-9549-black-rose-collection","status":"publish","type":"product","link":"https:\/\/domigoo.pl\/index.php\/produkt\/air-fryer-frytkownica-beztluszczowa-12l-berlingerhaus-bh-9549-black-rose-collection\/","title":{"rendered":"Air Fryer Frytkownica bezt\u0142uszczowa 12L BerlingerHaus BH-9549 Black Rose Collection"},"content":{"rendered":"<h1 style=\"text-align: center;\" class=\"def\">Air Fryer <span style=\"font-size: 24pt;\" class=\"def\"><strong class=\"def\">Frytkownica bezt\u0142uszczowa 12L BerlingerHaus BH-9549<\/strong><\/span><\/h1>\n<h1 style=\"text-align: center;\" class=\"def\"><span style=\"font-size: 24pt;\" class=\"def\"><strong class=\"def\">&nbsp;Black Rose Collection<\/strong><\/span><\/h1>\n<hr class=\"def\">\n<p style=\"text-align: center;\" class=\"def\"><span style=\"font-size: 14pt;\" class=\"def\">Frytkownica bezt\u0142uszczowa <strong data-start=\"100\" data-end=\"136\" class=\"def\">BerlingerHaus BH-9549 Black Rose<\/strong> to zaawansowane urz\u0105dzenie, kt\u00f3re pozwala na przygotowanie ulubionych potraw w zdrowszy spos\u00f3b \u2013 z <strong data-start=\"236\" data-end=\"264\" class=\"def\">redukcj\u0105 t\u0142uszczu do 80%<\/strong>.<\/span><\/p>\n<p style=\"text-align: center;\" class=\"def\"><span style=\"font-size: 14pt;\" class=\"def\">&nbsp;Dzi\u0119ki pojemno\u015bci <strong data-start=\"284\" data-end=\"297\" class=\"def\">12 litr\u00f3w<\/strong> i <strong data-start=\"300\" data-end=\"314\" class=\"def\">mocy 2000W<\/strong> umo\u017cliwia szybkie i efektywne gotowanie dla ca\u0142ej rodziny.<\/span><\/p>\n<p class=\"def\">\n<p class=\"def\"><img fetchpriority=\"high\" decoding=\"async\" src=\"https:\/\/berlingerhaus.com.pl\/images\/tn107\/5000-6000\/Frytkownica-beztluszczowa-12L-BerlingerHaus-BH-9549-Black-Rose-Collection_[5466]_696.jpg\" width=\"500\" height=\"500\" alt=\"\" style=\"display: block; margin-left: auto; margin-right: auto;\" class=\"def\"><\/p>\n<p style=\"text-align: center;\" class=\"def\"><span style=\"font-size: 18pt;\" class=\"def\"><strong data-start=\"393\" data-end=\"417\" class=\"def\">Najwa\u017cniejsze cechy:<\/strong><\/span><\/p>\n<p style=\"text-align: center;\" class=\"def\"><span style=\"font-size: 14pt;\" class=\"def\"><strong data-start=\"422\" data-end=\"439\" class=\"def\">Pojemno\u015b\u0107 12L<\/strong> \u2013 idealna dla rodzin i do przygotowywania wi\u0119kszych porcji<\/span><\/p>\n<p style=\"text-align: center;\" class=\"def\"><span style=\"font-size: 14pt;\" class=\"def\"><strong data-start=\"503\" data-end=\"516\" class=\"def\">Moc 2000W<\/strong> \u2013 szybkie nagrzewanie i r\u00f3wnomierne pieczenie<\/span><\/p>\n<p style=\"text-align: center;\" class=\"def\"><span style=\"font-size: 14pt;\" class=\"def\"><strong data-start=\"567\" data-end=\"601\" class=\"def\">Regulacja temperatury 30-200\u00b0C<\/strong> \u2013 dostosowanie do r\u00f3\u017cnych potraw<\/span><\/p>\n<p style=\"text-align: center;\" class=\"def\"><span style=\"font-size: 14pt;\" class=\"def\"><strong data-start=\"639\" data-end=\"655\" class=\"def\">Timer do 24h<\/strong> \u2013 pe\u0142na kontrola nad czasem pieczenia<\/span><\/p>\n<p style=\"text-align: center;\" class=\"def\"><span style=\"font-size: 14pt;\" class=\"def\"><strong data-start=\"698\" data-end=\"728\" class=\"def\">Cyfrowy panel dotykowy LED<\/strong> \u2013 \u0142atwa i intuicyjna obs\u0142uga<\/span><\/p>\n<p style=\"text-align: center;\" class=\"def\"><span style=\"font-size: 14pt;\" class=\"def\"><strong data-start=\"762\" data-end=\"786\" class=\"def\">8 gotowych program\u00f3w<\/strong> \u2013 szybkie ustawienia dla popularnych da\u0144<\/span><\/p>\n<p style=\"text-align: center;\" class=\"def\"><span style=\"font-size: 14pt;\" class=\"def\"><strong data-start=\"832\" data-end=\"864\" class=\"def\">3-poziomowy system gotowania<\/strong> \u2013 mo\u017cliwo\u015b\u0107 przygotowania kilku potraw jednocze\u015bnie<\/span><\/p>\n<p style=\"text-align: center;\" class=\"def\"><span style=\"font-size: 14pt;\" class=\"def\"><strong data-start=\"921\" data-end=\"941\" class=\"def\">Widoczne okienko<\/strong> \u2013 kontrola pieczenia bez otwierania urz\u0105dzenia<\/span><\/p>\n<p style=\"text-align: center;\" class=\"def\"><span style=\"font-size: 14pt;\" class=\"def\"><strong data-start=\"993\" data-end=\"1030\" class=\"def\">Zabezpieczenie przed przegrzaniem<\/strong> \u2013 bezpieczne u\u017cytkowanie<\/span><\/p>\n<p style=\"text-align: center;\" class=\"def\"><span style=\"font-size: 14pt;\" class=\"def\"><img decoding=\"async\" src=\"https:\/\/berlingerhaus.com.pl\/images\/tn107\/5000-6000\/Frytkownica-beztluszczowa-12L-BerlingerHaus-BH-9549-Black-Rose-Collection_[5467]_696.jpg\" width=\"597\" height=\"597\" alt=\"\" style=\"float: left;\" class=\"def\"><\/span><\/p>\n<h2 data-start=\"1059\" data-end=\"1088\" style=\"text-align: center;\" class=\"def\"><span style=\"font-size: 18pt;\" class=\"def\"><strong data-start=\"1064\" data-end=\"1086\" class=\"def\"><strong class=\"def\">Zawarto\u015b\u0107 zestawu:<\/strong><\/strong><\/span><\/h2>\n<p style=\"text-align: center;\" class=\"def\"><span style=\"font-size: 14pt;\" class=\"def\">&nbsp;3 metalowe ruszty<\/span><br data-start=\"1108\" data-end=\"1111\" class=\"def\"><br \/>\n <span style=\"font-size: 14pt;\" class=\"def\">&nbsp;Obrotowy ro\u017cen do kurczaka<\/span><br data-start=\"1139\" data-end=\"1142\" class=\"def\"><br \/>\n <span style=\"font-size: 14pt;\" class=\"def\">&nbsp;Tacka ociekowa<\/span><br data-start=\"1158\" data-end=\"1161\" class=\"def\"><br \/>\n <span style=\"font-size: 14pt;\" class=\"def\">&nbsp;Narz\u0119dzie do wyjmowania gor\u0105cych element\u00f3w<\/span><\/p>\n<p style=\"text-align: center;\" class=\"def\"><span style=\"font-size: 14pt;\" class=\"def\"><\/span><\/p>\n<p style=\"text-align: center;\" class=\"def\"><strong class=\"def\"><span style=\"font-size: 14pt;\" class=\"def\">Gotuj zdrowiej, szybciej i smaczniej \u2013 wybierz frytkownic\u0119 BerlingerHaus BH-9549 Black Rose i ciesz si\u0119 perfekcyjnymi daniami ka\u017cdego dnia!<\/span><\/strong><\/p>\n","protected":false},"excerpt":{"rendered":"<p>Pojemno\u015b\u0107: 12L<br \/>\nMoc: 2000W<br \/>\nZasilanie: 220-240V ~ 50\/60Hz<br \/>\nZakres temperatury: 30-200\u00b0C<br \/>\nTimer: do 24 godzin<\/p>\n","protected":false},"featured_media":0,"comment_status":"open","ping_status":"closed","template":"","meta":{"ocean_post_layout":"","ocean_both_sidebars_style":"","ocean_both_sidebars_content_width":0,"ocean_both_sidebars_sidebars_width":0,"ocean_sidebar":"","ocean_second_sidebar":"","ocean_disable_margins":"enable","ocean_add_body_class":"","ocean_shortcode_before_top_bar":"","ocean_shortcode_after_top_bar":"","ocean_shortcode_before_header":"","ocean_shortcode_after_header":"","ocean_has_shortcode":"","ocean_shortcode_after_title":"","ocean_shortcode_before_footer_widgets":"","ocean_shortcode_after_footer_widgets":"","ocean_shortcode_before_footer_bottom":"","ocean_shortcode_after_footer_bottom":"","ocean_display_top_bar":"default","ocean_display_header":"default","ocean_header_style":"","ocean_center_header_left_menu":"","ocean_custom_header_template":"","ocean_custom_logo":0,"ocean_custom_retina_logo":0,"ocean_custom_logo_max_width":0,"ocean_custom_logo_tablet_max_width":0,"ocean_custom_logo_mobile_max_width":0,"ocean_custom_logo_max_height":0,"ocean_custom_logo_tablet_max_height":0,"ocean_custom_logo_mobile_max_height":0,"ocean_header_custom_menu":"","ocean_menu_typo_font_family":"","ocean_menu_typo_font_subset":"","ocean_menu_typo_font_size":0,"ocean_menu_typo_font_size_tablet":0,"ocean_menu_typo_font_size_mobile":0,"ocean_menu_typo_font_size_unit":"px","ocean_menu_typo_font_weight":"","ocean_menu_typo_font_weight_tablet":"","ocean_menu_typo_font_weight_mobile":"","ocean_menu_typo_transform":"","ocean_menu_typo_transform_tablet":"","ocean_menu_typo_transform_mobile":"","ocean_menu_typo_line_height":0,"ocean_menu_typo_line_height_tablet":0,"ocean_menu_typo_line_height_mobile":0,"ocean_menu_typo_line_height_unit":"","ocean_menu_typo_spacing":0,"ocean_menu_typo_spacing_tablet":0,"ocean_menu_typo_spacing_mobile":0,"ocean_menu_typo_spacing_unit":"","ocean_menu_link_color":"","ocean_menu_link_color_hover":"","ocean_menu_link_color_active":"","ocean_menu_link_background":"","ocean_menu_link_hover_background":"","ocean_menu_link_active_background":"","ocean_menu_social_links_bg":"","ocean_menu_social_hover_links_bg":"","ocean_menu_social_links_color":"","ocean_menu_social_hover_links_color":"","ocean_disable_title":"default","ocean_disable_heading":"default","ocean_post_title":"","ocean_post_subheading":"","ocean_post_title_style":"","ocean_post_title_background_color":"","ocean_post_title_background":0,"ocean_post_title_bg_image_position":"","ocean_post_title_bg_image_attachment":"","ocean_post_title_bg_image_repeat":"","ocean_post_title_bg_image_size":"","ocean_post_title_height":0,"ocean_post_title_bg_overlay":0.5,"ocean_post_title_bg_overlay_color":"","ocean_disable_breadcrumbs":"default","ocean_breadcrumbs_color":"","ocean_breadcrumbs_separator_color":"","ocean_breadcrumbs_links_color":"","ocean_breadcrumbs_links_hover_color":"","ocean_display_footer_widgets":"default","ocean_display_footer_bottom":"default","ocean_custom_footer_template":""},"product_brand":[],"product_cat":[15],"product_tag":[3896,3898,3897,3895],"class_list":{"0":"post-6330","1":"product","2":"type-product","3":"status-publish","5":"product_cat-wszystkie-produkty","6":"product_tag-3896","7":"product_tag-3898","8":"product_tag-berlinger-haus","9":"product_tag-bh-9549","11":"entry","13":"first","14":"instock","15":"shipping-taxable","16":"product-type-simple","17":"has-product-nav","18":"col","19":"span_1_of_4","20":"owp-content-center","21":"owp-thumbs-layout-horizontal","22":"owp-btn-normal","23":"owp-tabs-layout-horizontal","24":"has-no-thumbnails"},"jetpack_sharing_enabled":true,"_links":{"self":[{"href":"https:\/\/domigoo.pl\/index.php\/wp-json\/wp\/v2\/product\/6330","targetHints":{"allow":["GET"]}}],"collection":[{"href":"https:\/\/domigoo.pl\/index.php\/wp-json\/wp\/v2\/product"}],"about":[{"href":"https:\/\/domigoo.pl\/index.php\/wp-json\/wp\/v2\/types\/product"}],"replies":[{"embeddable":true,"href":"https:\/\/domigoo.pl\/index.php\/wp-json\/wp\/v2\/comments?post=6330"}],"wp:attachment":[{"href":"https:\/\/domigoo.pl\/index.php\/wp-json\/wp\/v2\/media?parent=6330"}],"wp:term":[{"taxonomy":"product_brand","embeddable":true,"href":"https:\/\/domigoo.pl\/index.php\/wp-json\/wp\/v2\/product_brand?post=6330"},{"taxonomy":"product_cat","embeddable":true,"href":"https:\/\/domigoo.pl\/index.php\/wp-json\/wp\/v2\/product_cat?post=6330"},{"taxonomy":"product_tag","embeddable":true,"href":"https:\/\/domigoo.pl\/index.php\/wp-json\/wp\/v2\/product_tag?post=6330"}],"curies":[{"name":"wp","href":"https:\/\/api.w.org\/{rel}","templated":true}]}}