{"id":6387,"date":"2025-09-12T10:07:36","date_gmt":"2025-09-12T08:07:36","guid":{"rendered":"https:\/\/domigoo.pl\/index.php\/produkt\/czajnik-elektryczny-berlingerhaus-taupe-collection-bh-9576\/"},"modified":"2026-04-06T11:17:30","modified_gmt":"2026-04-06T09:17:30","slug":"czajnik-elektryczny-berlingerhaus-taupe-collection-bh-9576","status":"publish","type":"product","link":"https:\/\/domigoo.pl\/index.php\/produkt\/czajnik-elektryczny-berlingerhaus-taupe-collection-bh-9576\/","title":{"rendered":"Czajnik elektryczny BerlingerHaus \u00a0Taupe Collection BH-9576"},"content":{"rendered":"<h1 style=\"text-align: center;\" class=\"def\"><strong class=\"def\"><span style=\"font-size: 24pt;\" class=\"def\"><strong class=\"def\"><span style=\"font-family: verdana, geneva, sans-serif;\" class=\"def\">Czajnik elektryczny BerlingerHaus<\/span><\/strong><\/span><\/strong><\/h1>\n<h1 style=\"text-align: center;\" class=\"def\"><strong class=\"def\"><span style=\"font-size: 24pt;\" class=\"def\"><strong class=\"def\"><span style=\"font-family: verdana, geneva, sans-serif;\" class=\"def\">&nbsp;Taupe Collection <\/span><\/strong><strong class=\"def\"><span style=\"font-family: verdana, geneva, sans-serif;\" class=\"def\">BH-9576<\/span><\/strong><\/span><strong class=\"def\"><span style=\"font-family: verdana, geneva, sans-serif; font-size: 18pt;\" class=\"def\"><\/span><\/strong><\/strong><\/h1>\n<hr class=\"def\">\n<p style=\"text-align: center;\" class=\"def\">&nbsp;<span style=\"font-size: 12pt; font-family: verdana, geneva, sans-serif;\" class=\"def\">Zbiornik o pojemno\u015b\u0107&nbsp;1,7 litr\u00f3w<span class=\"def\">&nbsp;<\/span>wykonany wewn\u0105trz ze stali nierdzewnej, korpus z tworzywa sztucznego.<\/span><\/p>\n<p style=\"text-align: center;\" class=\"def\"><span style=\"font-size: 12pt; font-family: verdana, geneva, sans-serif;\" class=\"def\">Wyko\u0144czenie matowe sprawi, \u017ce czajnik \u015bwietnie wkomponuje si\u0119 we wn\u0119trze Twojej kuchni.<\/span><\/p>\n<p style=\"text-align: center;\" class=\"def\"><span style=\"font-size: 12pt; font-family: verdana, geneva, sans-serif;\" class=\"def\">Czajnik&nbsp;ma&nbsp;wbudowany filtr,&nbsp;obrotow\u0105 podstawk\u0119 360\u00b0&nbsp;oraz&nbsp;system automatycznego wy\u0142\u0105czania.<br class=\"def\"><br \/>\n <br class=\"def\"><br \/>\n Moc do&nbsp;1500-1800&nbsp;W<span class=\"def\">&nbsp;<\/span>znacznie skraca czas gotowania wody, dzi\u0119ki czemu zaparzymy porann\u0105 kaw\u0119 b\u0105d\u017a herbat\u0119 jeszcze szybciej.<\/span>&nbsp;<\/p>\n<p style=\"text-align: center;\" class=\"def\"><img fetchpriority=\"high\" decoding=\"async\" src=\"https:\/\/berlingerhaus.com.pl\/images\/tn107\/6000-7000\/Czajnik-elektryczny-BerlingerHaus-Taupe-Collection-BH-9576_[6709]_696.jpg\" width=\"696\" height=\"696\" alt=\"\" class=\"def\"><\/p>\n<p style=\"text-align: center;\" class=\"def\"><strong class=\"def\">&nbsp;<\/strong><\/p>\n<h3 style=\"text-align: center;\" class=\"def\"><span style=\"font-size: 18pt;\" class=\"def\"><strong class=\"def\"><span class=\"def\"><strong class=\"def\"><span class=\"def\"><strong class=\"def\">Cechy produktu:<\/strong><\/span><\/strong><\/span><\/strong><\/span><\/h3>\n<p style=\"text-align: center;\" class=\"def\"><span style=\"font-size: 14pt;\" class=\"def\">&nbsp;<span style=\"font-family: verdana, geneva, sans-serif;\" class=\"def\">Materia\u0142:<\/span><span style=\"font-family: verdana, geneva, sans-serif;\" class=\"def\">&nbsp;wew. stal nierdzewna, zew.&nbsp;tworzywo sztuczne<\/span><br class=\"def\"><br \/>\n <\/span><br class=\"def\"><br \/>\n <span style=\"font-size: 14pt; font-family: verdana, geneva, sans-serif;\" class=\"def\">Pojemno\u015b\u0107:<span class=\"def\">&nbsp;<\/span>1,7 l<br class=\"def\"><br \/>\n <\/span><br class=\"def\"><br \/>\n <span style=\"font-size: 14pt; font-family: verdana, geneva, sans-serif;\" class=\"def\">Napi\u0119cie:<span class=\"def\">&nbsp;<\/span>220-240 V, 50\/60 Hz<br class=\"def\"><br \/>\n <\/span><br class=\"def\"><br \/>\n <span style=\"font-size: 14pt; font-family: verdana, geneva, sans-serif;\" class=\"def\">Moc:<span class=\"def\">&nbsp;<\/span>1500-1800W<br class=\"def\"><br \/>\n <\/span><br class=\"def\"><br \/>\n <span style=\"font-size: 14pt; font-family: verdana, geneva, sans-serif;\" class=\"def\">Podstawka obrotowa 360\u00b0<br class=\"def\"><br \/>\n <\/span><br class=\"def\"><br \/>\n <span style=\"font-size: 14pt; font-family: verdana, geneva, sans-serif;\" class=\"def\">Kolor: <span class=\"def\">szaro \/ be\u017cowy&nbsp;<\/span><br class=\"def\"><br \/>\n <\/span><br class=\"def\"><br \/>\n <span style=\"font-size: 14pt; font-family: verdana, geneva, sans-serif;\" class=\"def\">Kolekcja:&nbsp;Taupe Collection<br class=\"def\"><br \/>\n <\/span><span style=\"font-size: 14pt; font-family: verdana, geneva, sans-serif;\" class=\"def\"><\/span><span style=\"font-size: 14pt; font-family: verdana, geneva, sans-serif;\" class=\"def\"><\/span><\/p>\n<p style=\"text-align: center;\" class=\"def\"><span style=\"font-size: 14pt; font-family: verdana, geneva, sans-serif;\" class=\"def\">Ochrona przed gotowaniem na sucho<br class=\"def\"><br \/>\n <\/span><br class=\"def\"><br \/>\n <span style=\"font-size: 14pt; font-family: verdana, geneva, sans-serif;\" class=\"def\">Podw\u00f3jne \u015bcianki, dzi\u0119ki temu korpus si\u0119 nie nagrzewa<\/span><\/p>\n<p style=\"text-align: center;\" class=\"def\"><br class=\"def\"><br \/>\n <span style=\"font-size: 14pt; font-family: verdana, geneva, sans-serif;\" class=\"def\">Automatyczny otwieranie pokrywy za pomoc\u0105 jednego przycisku<br class=\"def\"><br \/>\n <\/span><span style=\"font-size: 14pt; font-family: verdana, geneva, sans-serif;\" class=\"def\"><\/span><span style=\"font-size: 14pt; font-family: verdana, geneva, sans-serif;\" class=\"def\">W\u0142\u0105cznik\/wy\u0142\u0105cznik z lampk\u0105 kontroln\u0105<\/span><\/p>\n<p style=\"text-align: center;\" class=\"def\"><span style=\"font-size: 14pt; font-family: verdana, geneva, sans-serif;\" class=\"def\"><\/span><\/p>\n<p style=\"text-align: center;\" class=\"def\"><span style=\"font-size: 14pt; font-family: verdana, geneva, sans-serif;\" class=\"def\"><img decoding=\"async\" src=\"https:\/\/berlingerhaus.com.pl\/images\/tn107\/6000-7000\/Czajnik-elektryczny-BerlingerHaus-Taupe-Collection-BH-9576_[6708]_696.jpg\" width=\"695\" height=\"695\" alt=\"\" class=\"def\"><\/span><\/p>\n<p class=\"def\">\n","protected":false},"excerpt":{"rendered":"<p>Materia\u0142: wew. stal nierdzewna, zew. tworzywo sztuczne<br \/>\nPojemno\u015b\u0107: 1,7L<br \/>\nNapi\u0119cie: 220-240V, 50\/60Hz<br \/>\nMoc:1500-1800W<br \/>\nKolor: matowy Taupe<br \/>\nKolekcja: Taupe Collection<\/p>\n","protected":false},"featured_media":0,"comment_status":"open","ping_status":"closed","template":"","meta":{"ocean_post_layout":"","ocean_both_sidebars_style":"","ocean_both_sidebars_content_width":0,"ocean_both_sidebars_sidebars_width":0,"ocean_sidebar":"","ocean_second_sidebar":"","ocean_disable_margins":"enable","ocean_add_body_class":"","ocean_shortcode_before_top_bar":"","ocean_shortcode_after_top_bar":"","ocean_shortcode_before_header":"","ocean_shortcode_after_header":"","ocean_has_shortcode":"","ocean_shortcode_after_title":"","ocean_shortcode_before_footer_widgets":"","ocean_shortcode_after_footer_widgets":"","ocean_shortcode_before_footer_bottom":"","ocean_shortcode_after_footer_bottom":"","ocean_display_top_bar":"default","ocean_display_header":"default","ocean_header_style":"","ocean_center_header_left_menu":"","ocean_custom_header_template":"","ocean_custom_logo":0,"ocean_custom_retina_logo":0,"ocean_custom_logo_max_width":0,"ocean_custom_logo_tablet_max_width":0,"ocean_custom_logo_mobile_max_width":0,"ocean_custom_logo_max_height":0,"ocean_custom_logo_tablet_max_height":0,"ocean_custom_logo_mobile_max_height":0,"ocean_header_custom_menu":"","ocean_menu_typo_font_family":"","ocean_menu_typo_font_subset":"","ocean_menu_typo_font_size":0,"ocean_menu_typo_font_size_tablet":0,"ocean_menu_typo_font_size_mobile":0,"ocean_menu_typo_font_size_unit":"px","ocean_menu_typo_font_weight":"","ocean_menu_typo_font_weight_tablet":"","ocean_menu_typo_font_weight_mobile":"","ocean_menu_typo_transform":"","ocean_menu_typo_transform_tablet":"","ocean_menu_typo_transform_mobile":"","ocean_menu_typo_line_height":0,"ocean_menu_typo_line_height_tablet":0,"ocean_menu_typo_line_height_mobile":0,"ocean_menu_typo_line_height_unit":"","ocean_menu_typo_spacing":0,"ocean_menu_typo_spacing_tablet":0,"ocean_menu_typo_spacing_mobile":0,"ocean_menu_typo_spacing_unit":"","ocean_menu_link_color":"","ocean_menu_link_color_hover":"","ocean_menu_link_color_active":"","ocean_menu_link_background":"","ocean_menu_link_hover_background":"","ocean_menu_link_active_background":"","ocean_menu_social_links_bg":"","ocean_menu_social_hover_links_bg":"","ocean_menu_social_links_color":"","ocean_menu_social_hover_links_color":"","ocean_disable_title":"default","ocean_disable_heading":"default","ocean_post_title":"","ocean_post_subheading":"","ocean_post_title_style":"","ocean_post_title_background_color":"","ocean_post_title_background":0,"ocean_post_title_bg_image_position":"","ocean_post_title_bg_image_attachment":"","ocean_post_title_bg_image_repeat":"","ocean_post_title_bg_image_size":"","ocean_post_title_height":0,"ocean_post_title_bg_overlay":0.5,"ocean_post_title_bg_overlay_color":"","ocean_disable_breadcrumbs":"default","ocean_breadcrumbs_color":"","ocean_breadcrumbs_separator_color":"","ocean_breadcrumbs_links_color":"","ocean_breadcrumbs_links_hover_color":"","ocean_display_footer_widgets":"default","ocean_display_footer_bottom":"default","ocean_custom_footer_template":""},"product_brand":[],"product_cat":[15],"product_tag":[3954,3898,3897,3963],"class_list":{"0":"post-6387","1":"product","2":"type-product","3":"status-publish","5":"product_cat-wszystkie-produkty","6":"product_tag-3954","7":"product_tag-3898","8":"product_tag-berlinger-haus","9":"product_tag-bh-9576","11":"entry","13":"first","14":"instock","15":"shipping-taxable","16":"product-type-simple","17":"has-product-nav","18":"col","19":"span_1_of_4","20":"owp-content-center","21":"owp-thumbs-layout-horizontal","22":"owp-btn-normal","23":"owp-tabs-layout-horizontal","24":"has-no-thumbnails"},"jetpack_sharing_enabled":true,"_links":{"self":[{"href":"https:\/\/domigoo.pl\/index.php\/wp-json\/wp\/v2\/product\/6387","targetHints":{"allow":["GET"]}}],"collection":[{"href":"https:\/\/domigoo.pl\/index.php\/wp-json\/wp\/v2\/product"}],"about":[{"href":"https:\/\/domigoo.pl\/index.php\/wp-json\/wp\/v2\/types\/product"}],"replies":[{"embeddable":true,"href":"https:\/\/domigoo.pl\/index.php\/wp-json\/wp\/v2\/comments?post=6387"}],"wp:attachment":[{"href":"https:\/\/domigoo.pl\/index.php\/wp-json\/wp\/v2\/media?parent=6387"}],"wp:term":[{"taxonomy":"product_brand","embeddable":true,"href":"https:\/\/domigoo.pl\/index.php\/wp-json\/wp\/v2\/product_brand?post=6387"},{"taxonomy":"product_cat","embeddable":true,"href":"https:\/\/domigoo.pl\/index.php\/wp-json\/wp\/v2\/product_cat?post=6387"},{"taxonomy":"product_tag","embeddable":true,"href":"https:\/\/domigoo.pl\/index.php\/wp-json\/wp\/v2\/product_tag?post=6387"}],"curies":[{"name":"wp","href":"https:\/\/api.w.org\/{rel}","templated":true}]}}