{"id":6417,"date":"2025-09-12T10:07:43","date_gmt":"2025-09-12T08:07:43","guid":{"rendered":"https:\/\/domigoo.pl\/index.php\/produkt\/elektryczny-grill-kontaktowy-1500-w-berlingerhaus-bh-9650-black-rose-collection\/"},"modified":"2026-03-16T06:08:44","modified_gmt":"2026-03-16T05:08:44","slug":"elektryczny-grill-kontaktowy-1500-w-berlingerhaus-bh-9650-black-rose-collection","status":"publish","type":"product","link":"https:\/\/domigoo.pl\/index.php\/produkt\/elektryczny-grill-kontaktowy-1500-w-berlingerhaus-bh-9650-black-rose-collection\/","title":{"rendered":"Elektryczny grill kontaktowy \u2013 1500 W BerlingerHaus BH-9650 Black Rose Collection"},"content":{"rendered":"<h1 style=\"text-align: center;\" class=\"def\"><strong class=\"def\">Elektryczny grill kontaktowy \u2013 1500 W<\/strong><\/h1>\n<h1 style=\"text-align: center;\" class=\"def\"><strong class=\"def\">&nbsp;BerlingerHaus BH-9650 Black Rose Collection<\/strong><\/h1>\n<hr class=\"def\">\n<p style=\"text-align: center;\" class=\"def\"><span style=\"font-size: 14pt;\" class=\"def\">Praktyczny grill kontaktowy o mocy 1500 W to idealne urz\u0105dzenie do szybkiego i zdrowego przygotowywania potraw \u2013 bez u\u017cycia dodatkowego t\u0142uszczu.<\/span><\/p>\n<p style=\"text-align: center;\" class=\"def\"><span style=\"font-size: 14pt;\" class=\"def\">&nbsp;Sprawdzi si\u0119 doskonale do grillowania mi\u0119sa, warzyw, panini czy tost\u00f3w.<\/span><\/p>\n<p style=\"text-align: center;\" class=\"def\"><img fetchpriority=\"high\" decoding=\"async\" src=\"https:\/\/berlingerhaus.com.pl\/images\/tn107\/6000-7000\/Elektryczny-grill-kontaktowy-1500-W-BerlingerHaus-BH-9650-Black-Rose-Collection_[6717]_696.jpg\" alt=\"\" width=\"742\" height=\"742\" class=\"def\"><\/p>\n<h2 style=\"text-align: center;\" class=\"def\"><span style=\"font-size: 18pt;\" class=\"def\"><strong class=\"def\">G\u0142\u00f3wne cechy:<\/strong><\/span><\/h2>\n<p data-start=\"399\" data-end=\"447\" style=\"text-align: center;\" class=\"def\"><span style=\"font-size: 14pt;\" class=\"def\"><strong data-start=\"399\" data-end=\"407\" class=\"def\">Moc:<\/strong> 1500 W, zasilanie 220\u2013240 V, 50\/60 Hz<\/span><\/p>\n<p data-start=\"450\" data-end=\"579\" style=\"text-align: center;\" class=\"def\"><span style=\"font-size: 14pt;\" class=\"def\"><strong data-start=\"450\" data-end=\"469\" class=\"def\">P\u0142yta grzewcza:<\/strong> 37 \u00d7 24 cm, wykonana z odlewanego aluminium z <strong data-start=\"516\" data-end=\"544\" class=\"def\">nieprzywieraj\u0105c\u0105 pow\u0142ok\u0105<\/strong> \u2013 \u0142atwa do wyj\u0119cia i czyszczenia<\/span><\/p>\n<p data-start=\"582\" data-end=\"668\" style=\"text-align: center;\" class=\"def\"><span style=\"font-size: 14pt;\" class=\"def\"><strong data-start=\"582\" data-end=\"607\" class=\"def\">Regulowany termostat:<\/strong> 80\u2013230\u2103&nbsp;<\/span><\/p>\n<p data-start=\"671\" data-end=\"756\" style=\"text-align: center;\" class=\"def\"><span style=\"font-size: 14pt;\" class=\"def\"><strong data-start=\"671\" data-end=\"705\" class=\"def\">Podw\u00f3jna powierzchnia grzewcza<\/strong> \u2013 r\u00f3wnomierne opiekanie z obu stron jednocze\u015bnie<\/span><\/p>\n<p data-start=\"759\" data-end=\"824\" style=\"text-align: center;\" class=\"def\"><span style=\"font-size: 14pt;\" class=\"def\"><strong data-start=\"759\" data-end=\"791\" class=\"def\">Od\u0142\u0105czany przew\u00f3d zasilaj\u0105cy<\/strong> \u2013 \u0142atwe przechowywanie i mycie<\/span><\/p>\n<p data-start=\"827\" data-end=\"876\" style=\"text-align: center;\" class=\"def\"><span style=\"font-size: 14pt;\" class=\"def\"><strong data-start=\"827\" data-end=\"848\" class=\"def\">Bezpieczny uchwyt<\/strong> \u2013 chroni przed oparzeniem<\/span><\/p>\n<p data-start=\"879\" data-end=\"943\" style=\"text-align: center;\" class=\"def\"><span style=\"font-size: 14pt;\" class=\"def\"><strong data-start=\"879\" data-end=\"908\" class=\"def\">Element grzewczy z \u017celaza<\/strong> \u2013 gwarantuje szybkie nagrzewanie<\/span><\/p>\n<p data-start=\"946\" data-end=\"994\" style=\"text-align: center;\" class=\"def\"><span style=\"font-size: 14pt;\" class=\"def\"><strong data-start=\"946\" data-end=\"956\" class=\"def\">Kolor:<\/strong> czarny \u2013 nowoczesny, elegancki design<\/span><\/p>\n<p data-start=\"946\" data-end=\"994\" style=\"text-align: center;\" class=\"def\"><span style=\"font-size: 14pt;\" class=\"def\"><img decoding=\"async\" src=\"https:\/\/berlingerhaus.com.pl\/upload\/tn107\/images\/Elektryczny-grill-kontaktowy-1500-W-BerlingerHaus-BH-9650-Black-Rose-Collection.png\" width=\"567\" height=\"490\" alt=\"image\" class=\"def\"><\/span><\/p>\n<p style=\"text-align: center;\" class=\"def\"><span style=\"font-size: 14pt;\" class=\"def\"><\/span><\/p>\n","protected":false},"excerpt":{"rendered":"<p>Moc: 1500 W, zasilanie 220\u2013240 V, 50\/60 Hz<br \/>\nP\u0142yta grzewcza: 37 \u00d7 24 cm, wykonana z odlewanego aluminium z nieprzywieraj\u0105c\u0105 pow\u0142ok\u0105 \u2013 \u0142atwa do wyj\u0119cia i czyszczenia<br \/>\nRegulowany termostat: 80\u2013230\u2103\u00a0<\/p>\n","protected":false},"featured_media":0,"comment_status":"open","ping_status":"closed","template":"","meta":{"ocean_post_layout":"","ocean_both_sidebars_style":"","ocean_both_sidebars_content_width":0,"ocean_both_sidebars_sidebars_width":0,"ocean_sidebar":"","ocean_second_sidebar":"","ocean_disable_margins":"enable","ocean_add_body_class":"","ocean_shortcode_before_top_bar":"","ocean_shortcode_after_top_bar":"","ocean_shortcode_before_header":"","ocean_shortcode_after_header":"","ocean_has_shortcode":"","ocean_shortcode_after_title":"","ocean_shortcode_before_footer_widgets":"","ocean_shortcode_after_footer_widgets":"","ocean_shortcode_before_footer_bottom":"","ocean_shortcode_after_footer_bottom":"","ocean_display_top_bar":"default","ocean_display_header":"default","ocean_header_style":"","ocean_center_header_left_menu":"","ocean_custom_header_template":"","ocean_custom_logo":0,"ocean_custom_retina_logo":0,"ocean_custom_logo_max_width":0,"ocean_custom_logo_tablet_max_width":0,"ocean_custom_logo_mobile_max_width":0,"ocean_custom_logo_max_height":0,"ocean_custom_logo_tablet_max_height":0,"ocean_custom_logo_mobile_max_height":0,"ocean_header_custom_menu":"","ocean_menu_typo_font_family":"","ocean_menu_typo_font_subset":"","ocean_menu_typo_font_size":0,"ocean_menu_typo_font_size_tablet":0,"ocean_menu_typo_font_size_mobile":0,"ocean_menu_typo_font_size_unit":"px","ocean_menu_typo_font_weight":"","ocean_menu_typo_font_weight_tablet":"","ocean_menu_typo_font_weight_mobile":"","ocean_menu_typo_transform":"","ocean_menu_typo_transform_tablet":"","ocean_menu_typo_transform_mobile":"","ocean_menu_typo_line_height":0,"ocean_menu_typo_line_height_tablet":0,"ocean_menu_typo_line_height_mobile":0,"ocean_menu_typo_line_height_unit":"","ocean_menu_typo_spacing":0,"ocean_menu_typo_spacing_tablet":0,"ocean_menu_typo_spacing_mobile":0,"ocean_menu_typo_spacing_unit":"","ocean_menu_link_color":"","ocean_menu_link_color_hover":"","ocean_menu_link_color_active":"","ocean_menu_link_background":"","ocean_menu_link_hover_background":"","ocean_menu_link_active_background":"","ocean_menu_social_links_bg":"","ocean_menu_social_hover_links_bg":"","ocean_menu_social_links_color":"","ocean_menu_social_hover_links_color":"","ocean_disable_title":"default","ocean_disable_heading":"default","ocean_post_title":"","ocean_post_subheading":"","ocean_post_title_style":"","ocean_post_title_background_color":"","ocean_post_title_background":0,"ocean_post_title_bg_image_position":"","ocean_post_title_bg_image_attachment":"","ocean_post_title_bg_image_repeat":"","ocean_post_title_bg_image_size":"","ocean_post_title_height":0,"ocean_post_title_bg_overlay":0.5,"ocean_post_title_bg_overlay_color":"","ocean_disable_breadcrumbs":"default","ocean_breadcrumbs_color":"","ocean_breadcrumbs_separator_color":"","ocean_breadcrumbs_links_color":"","ocean_breadcrumbs_links_hover_color":"","ocean_display_footer_widgets":"default","ocean_display_footer_bottom":"default","ocean_custom_footer_template":""},"product_brand":[],"product_cat":[15],"product_tag":[3898,4079,3897,3995],"class_list":{"0":"post-6417","1":"product","2":"type-product","3":"status-publish","5":"product_cat-wszystkie-produkty","6":"product_tag-3898","7":"product_tag-4079","8":"product_tag-berlinger-haus","9":"product_tag-bh-9650","11":"entry","13":"first","14":"instock","15":"shipping-taxable","16":"product-type-simple","17":"has-product-nav","18":"col","19":"span_1_of_4","20":"owp-content-center","21":"owp-thumbs-layout-horizontal","22":"owp-btn-normal","23":"owp-tabs-layout-horizontal","24":"has-no-thumbnails"},"jetpack_sharing_enabled":true,"_links":{"self":[{"href":"https:\/\/domigoo.pl\/index.php\/wp-json\/wp\/v2\/product\/6417","targetHints":{"allow":["GET"]}}],"collection":[{"href":"https:\/\/domigoo.pl\/index.php\/wp-json\/wp\/v2\/product"}],"about":[{"href":"https:\/\/domigoo.pl\/index.php\/wp-json\/wp\/v2\/types\/product"}],"replies":[{"embeddable":true,"href":"https:\/\/domigoo.pl\/index.php\/wp-json\/wp\/v2\/comments?post=6417"}],"wp:attachment":[{"href":"https:\/\/domigoo.pl\/index.php\/wp-json\/wp\/v2\/media?parent=6417"}],"wp:term":[{"taxonomy":"product_brand","embeddable":true,"href":"https:\/\/domigoo.pl\/index.php\/wp-json\/wp\/v2\/product_brand?post=6417"},{"taxonomy":"product_cat","embeddable":true,"href":"https:\/\/domigoo.pl\/index.php\/wp-json\/wp\/v2\/product_cat?post=6417"},{"taxonomy":"product_tag","embeddable":true,"href":"https:\/\/domigoo.pl\/index.php\/wp-json\/wp\/v2\/product_tag?post=6417"}],"curies":[{"name":"wp","href":"https:\/\/api.w.org\/{rel}","templated":true}]}}