{"id":6446,"date":"2025-09-12T10:10:22","date_gmt":"2025-09-12T08:10:22","guid":{"rendered":"https:\/\/domigoo.pl\/index.php\/produkt\/forma-do-pieczenia-365cm-z-pokrywa-berlingerhaus-leonardo-collection-bh-8636\/"},"modified":"2026-04-06T11:18:45","modified_gmt":"2026-04-06T09:18:45","slug":"forma-do-pieczenia-365cm-z-pokrywa-berlingerhaus-leonardo-collection-bh-8636","status":"publish","type":"product","link":"https:\/\/domigoo.pl\/index.php\/produkt\/forma-do-pieczenia-365cm-z-pokrywa-berlingerhaus-leonardo-collection-bh-8636\/","title":{"rendered":"Forma do pieczenia 36,5cm z pokryw\u0105 BerlingerHaus Leonardo Collection BH-8636"},"content":{"rendered":"<h1 style=\"text-align: center;\" class=\"def\"><strong class=\"def\">Forma do pieczenia 36,5cm z pokryw\u0105 BerlingerHaus<\/strong><\/h1>\n<h1 style=\"text-align: center;\" class=\"def\"><strong class=\"def\">Leonardo Collection BH-8636<\/strong><\/h1>\n<hr class=\"def\">\n<p data-start=\"230\" data-end=\"550\" style=\"text-align: center;\" class=\"def\"><span style=\"font-size: 14pt;\" class=\"def\">Elegancka i funkcjonalna <strong data-start=\"255\" data-end=\"287\" class=\"def\">forma do pieczenia z pokryw\u0105<\/strong> z serii <strong data-start=\"296\" data-end=\"319\" class=\"def\">Leonardo Collection<\/strong> to doskona\u0142y wyb\u00f3r dla ka\u017cdego mi\u0142o\u015bnika pieczenia. <\/span><\/p>\n<p data-start=\"230\" data-end=\"550\" style=\"text-align: center;\" class=\"def\"><span style=\"font-size: 14pt;\" class=\"def\">Wykonana z&nbsp;<strong data-start=\"383\" data-end=\"418\" class=\"def\">wysokiej jako\u015bci stali w\u0119glowej<\/strong> i pokryta <strong data-start=\"429\" data-end=\"466\" class=\"def\">pow\u0142ok\u0105 nieprzywieraj\u0105c\u0105 titanPro<\/strong>, zapewnia r\u00f3wnomierne pieczenie i \u0142atwe wyjmowanie wypiek\u00f3w bez ryzyka przypalenia.<\/span><\/p>\n<p data-start=\"552\" data-end=\"789\" style=\"text-align: center;\" class=\"def\"><span style=\"font-size: 14pt;\" class=\"def\">Forma wyr\u00f3\u017cnia si\u0119 <strong data-start=\"571\" data-end=\"595\" class=\"def\">nowoczesnym designem<\/strong> w kolorze <strong data-start=\"606\" data-end=\"624\" class=\"def\">matowego bordo<\/strong>, a do\u0142\u0105czona <strong data-start=\"638\" data-end=\"671\" class=\"def\">pokrywa z tworzywa sztucznego<\/strong> z uchwytem u\u0142atwia przenoszenie ciasta lub potraw. Idealna do pieczenia ciast, zapiekanek i potraw na s\u0142odko i s\u0142ono.<\/span><\/p>\n<p data-start=\"552\" data-end=\"789\" style=\"text-align: center;\" class=\"def\"><span style=\"font-size: 14pt;\" class=\"def\"><img fetchpriority=\"high\" decoding=\"async\" src=\"https:\/\/berlingerhaus.com.pl\/images\/tn107\/5000-6000\/Forma-do-pieczenia-36-5cm-z-pokrywa-BerlingerHaus-Leonardo-Collection-BH-8636_[5817]_696.jpg\" width=\"696\" height=\"696\" alt=\"\" class=\"def\"><\/span><\/p>\n<h2 style=\"text-align: center;\" class=\"def\"><span style=\"font-size: 18pt;\" class=\"def\"><strong data-start=\"800\" data-end=\"826\" class=\"def\"><strong class=\"def\">Specyfikacja produktu:<\/strong><\/strong><\/span><\/h2>\n<p data-start=\"829\" data-end=\"871\" style=\"text-align: center;\" class=\"def\"><span style=\"font-size: 14pt;\" class=\"def\"><strong data-start=\"829\" data-end=\"839\" class=\"def\">Model:<\/strong> BH-8636 \u2013 Leonardo Collection<\/span><\/p>\n<p data-start=\"874\" data-end=\"909\" style=\"text-align: center;\" class=\"def\"><span style=\"font-size: 14pt;\" class=\"def\"><strong data-start=\"874\" data-end=\"886\" class=\"def\">Wymiary:<\/strong> 36,5 \u00d7 24,5 \u00d7 5,5 cm<\/span><\/p>\n<p data-start=\"912\" data-end=\"976\" style=\"text-align: center;\" class=\"def\"><span style=\"font-size: 14pt;\" class=\"def\"><strong data-start=\"912\" data-end=\"925\" class=\"def\">Materia\u0142:<\/strong> stal w\u0119glowa z nieprzywieraj\u0105c\u0105 pow\u0142ok\u0105 titanPro<\/span><\/p>\n<p data-start=\"979\" data-end=\"1035\" style=\"text-align: center;\" class=\"def\"><span style=\"font-size: 14pt;\" class=\"def\"><strong data-start=\"979\" data-end=\"991\" class=\"def\">Pokrywa:<\/strong> tworzywo sztuczne \u2013 idealna do transportu<\/span><\/p>\n<p data-start=\"1038\" data-end=\"1065\" style=\"text-align: center;\" class=\"def\"><span style=\"font-size: 14pt;\" class=\"def\"><strong data-start=\"1038\" data-end=\"1048\" class=\"def\">Kolor:<\/strong> matowy bordowy<\/span><\/p>\n<p data-start=\"1068\" data-end=\"1137\" style=\"text-align: center;\" class=\"def\"><span style=\"font-size: 14pt;\" class=\"def\"><strong data-start=\"1068\" data-end=\"1089\" class=\"def\">Pow\u0142oka titanPro:<\/strong> odporna na przywieranie i \u0142atwa w czyszczeniu<\/span><\/p>\n<p data-start=\"1140\" data-end=\"1175\" style=\"text-align: center;\" class=\"def\"><span style=\"font-size: 14pt;\" class=\"def\"><strong data-start=\"1140\" data-end=\"1164\" class=\"def\">Odporno\u015b\u0107 termiczna:<\/strong> do 220\u00b0C<\/span><\/p>\n<p data-start=\"1178\" data-end=\"1232\" style=\"text-align: center;\" class=\"def\"><span style=\"font-size: 14pt;\" class=\"def\"><strong data-start=\"1178\" data-end=\"1205\" class=\"def\">Bezpieczna dla zdrowia:<\/strong> bez PFOA, o\u0142owiu i kadmu<\/span><\/p>\n<p data-start=\"1235\" data-end=\"1298\" style=\"text-align: center;\" class=\"def\"><span style=\"font-size: 14pt;\" class=\"def\"><strong data-start=\"1235\" data-end=\"1254\" class=\"def\">Stylowy wygl\u0105d:<\/strong> elegancka forma pasuj\u0105ca do ka\u017cdej kuchni<\/span><\/p>\n<p data-start=\"1301\" data-end=\"1364\" style=\"text-align: center;\" class=\"def\"><span style=\"font-size: 14pt;\" class=\"def\"><strong data-start=\"1301\" data-end=\"1343\" class=\"def\">\u0141atwa do przechowywania i przenoszenia<\/strong> \u2013 idealna na wynos<\/span><\/p>\n<p data-start=\"1301\" data-end=\"1364\" style=\"text-align: center;\" class=\"def\"><span style=\"font-size: 14pt;\" class=\"def\"><img decoding=\"async\" src=\"https:\/\/berlingerhaus.com.pl\/images\/tn107\/5000-6000\/Forma-do-pieczenia-36-5cm-z-pokrywa-BerlingerHaus-Leonardo-Collection-BH-8636_[5818]_696.jpg\" width=\"696\" height=\"696\" alt=\"\" class=\"def\"><\/span><\/p>\n<p data-start=\"1371\" data-end=\"1565\" style=\"text-align: center;\" class=\"def\"><span style=\"font-size: 14pt;\" class=\"def\"><strong data-start=\"1371\" data-end=\"1416\" class=\"def\">Forma do pieczenia Berlinger Haus BH-8636<\/strong> to nie tylko stylowy dodatek do kuchni, ale tak\u017ce praktyczne naczynie do pieczenia, kt\u00f3re \u0142\u0105czy wygod\u0119 u\u017cytkowania z trwa\u0142o\u015bci\u0105 i bezpiecze\u0144stwem.<\/span><\/p>\n<p data-start=\"1567\" data-end=\"1622\" style=\"text-align: center;\" class=\"def\"><span style=\"font-size: 14pt;\" class=\"def\">Idealna do codziennego pieczenia i na wyj\u0105tkowe okazje!<\/span><\/p>\n","protected":false},"excerpt":{"rendered":"<p>Wymiary: 36,5 \u00d7 24,5 \u00d7 5,5 cm<br \/>\nMateria\u0142: stal w\u0119glowa z nieprzywieraj\u0105c\u0105 pow\u0142ok\u0105 titanPro<\/p>\n","protected":false},"featured_media":0,"comment_status":"open","ping_status":"closed","template":"","meta":{"ocean_post_layout":"","ocean_both_sidebars_style":"","ocean_both_sidebars_content_width":0,"ocean_both_sidebars_sidebars_width":0,"ocean_sidebar":"","ocean_second_sidebar":"","ocean_disable_margins":"enable","ocean_add_body_class":"","ocean_shortcode_before_top_bar":"","ocean_shortcode_after_top_bar":"","ocean_shortcode_before_header":"","ocean_shortcode_after_header":"","ocean_has_shortcode":"","ocean_shortcode_after_title":"","ocean_shortcode_before_footer_widgets":"","ocean_shortcode_after_footer_widgets":"","ocean_shortcode_before_footer_bottom":"","ocean_shortcode_after_footer_bottom":"","ocean_display_top_bar":"default","ocean_display_header":"default","ocean_header_style":"","ocean_center_header_left_menu":"","ocean_custom_header_template":"","ocean_custom_logo":0,"ocean_custom_retina_logo":0,"ocean_custom_logo_max_width":0,"ocean_custom_logo_tablet_max_width":0,"ocean_custom_logo_mobile_max_width":0,"ocean_custom_logo_max_height":0,"ocean_custom_logo_tablet_max_height":0,"ocean_custom_logo_mobile_max_height":0,"ocean_header_custom_menu":"","ocean_menu_typo_font_family":"","ocean_menu_typo_font_subset":"","ocean_menu_typo_font_size":0,"ocean_menu_typo_font_size_tablet":0,"ocean_menu_typo_font_size_mobile":0,"ocean_menu_typo_font_size_unit":"px","ocean_menu_typo_font_weight":"","ocean_menu_typo_font_weight_tablet":"","ocean_menu_typo_font_weight_mobile":"","ocean_menu_typo_transform":"","ocean_menu_typo_transform_tablet":"","ocean_menu_typo_transform_mobile":"","ocean_menu_typo_line_height":0,"ocean_menu_typo_line_height_tablet":0,"ocean_menu_typo_line_height_mobile":0,"ocean_menu_typo_line_height_unit":"","ocean_menu_typo_spacing":0,"ocean_menu_typo_spacing_tablet":0,"ocean_menu_typo_spacing_mobile":0,"ocean_menu_typo_spacing_unit":"","ocean_menu_link_color":"","ocean_menu_link_color_hover":"","ocean_menu_link_color_active":"","ocean_menu_link_background":"","ocean_menu_link_hover_background":"","ocean_menu_link_active_background":"","ocean_menu_social_links_bg":"","ocean_menu_social_hover_links_bg":"","ocean_menu_social_links_color":"","ocean_menu_social_hover_links_color":"","ocean_disable_title":"default","ocean_disable_heading":"default","ocean_post_title":"","ocean_post_subheading":"","ocean_post_title_style":"","ocean_post_title_background_color":"","ocean_post_title_background":0,"ocean_post_title_bg_image_position":"","ocean_post_title_bg_image_attachment":"","ocean_post_title_bg_image_repeat":"","ocean_post_title_bg_image_size":"","ocean_post_title_height":0,"ocean_post_title_bg_overlay":0.5,"ocean_post_title_bg_overlay_color":"","ocean_disable_breadcrumbs":"default","ocean_breadcrumbs_color":"","ocean_breadcrumbs_separator_color":"","ocean_breadcrumbs_links_color":"","ocean_breadcrumbs_links_hover_color":"","ocean_display_footer_widgets":"default","ocean_display_footer_bottom":"default","ocean_custom_footer_template":""},"product_brand":[],"product_cat":[15],"product_tag":[3930,3898,3897,4024],"class_list":{"0":"post-6446","1":"product","2":"type-product","3":"status-publish","5":"product_cat-wszystkie-produkty","6":"product_tag-3930","7":"product_tag-3898","8":"product_tag-berlinger-haus","9":"product_tag-bh-8636","11":"entry","13":"first","14":"instock","15":"shipping-taxable","16":"product-type-simple","17":"has-product-nav","18":"col","19":"span_1_of_4","20":"owp-content-center","21":"owp-thumbs-layout-horizontal","22":"owp-btn-normal","23":"owp-tabs-layout-horizontal","24":"has-no-thumbnails"},"jetpack_sharing_enabled":true,"_links":{"self":[{"href":"https:\/\/domigoo.pl\/index.php\/wp-json\/wp\/v2\/product\/6446","targetHints":{"allow":["GET"]}}],"collection":[{"href":"https:\/\/domigoo.pl\/index.php\/wp-json\/wp\/v2\/product"}],"about":[{"href":"https:\/\/domigoo.pl\/index.php\/wp-json\/wp\/v2\/types\/product"}],"replies":[{"embeddable":true,"href":"https:\/\/domigoo.pl\/index.php\/wp-json\/wp\/v2\/comments?post=6446"}],"wp:attachment":[{"href":"https:\/\/domigoo.pl\/index.php\/wp-json\/wp\/v2\/media?parent=6446"}],"wp:term":[{"taxonomy":"product_brand","embeddable":true,"href":"https:\/\/domigoo.pl\/index.php\/wp-json\/wp\/v2\/product_brand?post=6446"},{"taxonomy":"product_cat","embeddable":true,"href":"https:\/\/domigoo.pl\/index.php\/wp-json\/wp\/v2\/product_cat?post=6446"},{"taxonomy":"product_tag","embeddable":true,"href":"https:\/\/domigoo.pl\/index.php\/wp-json\/wp\/v2\/product_tag?post=6446"}],"curies":[{"name":"wp","href":"https:\/\/api.w.org\/{rel}","templated":true}]}}