{"id":6544,"date":"2025-09-12T10:27:31","date_gmt":"2025-09-12T08:27:31","guid":{"rendered":"https:\/\/domigoo.pl\/index.php\/produkt\/garnek-zaroodporny-z-pokrywka-24-cm-fashiontv-ftv-0069-matte-cream-gold-collection\/"},"modified":"2026-04-06T11:25:51","modified_gmt":"2026-04-06T09:25:51","slug":"garnek-zaroodporny-z-pokrywka-24-cm-fashiontv-ftv-0069-matte-cream-gold-collection","status":"publish","type":"product","link":"https:\/\/domigoo.pl\/index.php\/produkt\/garnek-zaroodporny-z-pokrywka-24-cm-fashiontv-ftv-0069-matte-cream-gold-collection\/","title":{"rendered":"Garnek z pokrywk\u0105 24 cm FashionTV FTV-0069 Matte Cream Gold Collection"},"content":{"rendered":"<h1 style=\"text-align: center;\" class=\"def\"><span style=\"font-size: 24pt;\" class=\"def\"><strong class=\"def\">Garnek z pokrywk\u0105 24 cm FashionTV<\/strong><\/span><\/h1>\n<h1 style=\"text-align: center;\" class=\"def\"><span style=\"font-size: 24pt;\" class=\"def\"><strong class=\"def\">&nbsp;FTV-0069 Matte Cream Gold Collection<\/strong><\/span><\/h1>\n<hr class=\"def\">\n<p style=\"text-align: center;\" class=\"def\"><span style=\"font-size: 14pt;\" class=\"def\">Stylowy i pojemny garnek <strong class=\"def\">&nbsp;z pokrywk\u0105<\/strong>&nbsp;z kolekcji&nbsp;<strong class=\"def\">Matte Cream Gold<\/strong>&nbsp;to doskona\u0142e po\u0142\u0105czenie nowoczesnego designu, wyj\u0105tkowej trwa\u0142o\u015bci i komfortu gotowania. <\/span><\/p>\n<p style=\"text-align: center;\" class=\"def\"><span style=\"font-size: 14pt;\" class=\"def\">Wykonany z <strong class=\"def\">kutego aluminium<\/strong>&nbsp;i pokryte&nbsp;<strong class=\"def\">3-warstwow\u0105 pow\u0142ok\u0105 nieprzywieraj\u0105c\u0105 TitanPro<\/strong>, zapewnia r\u00f3wnomierne rozprowadzanie ciep\u0142a, trwa\u0142o\u015b\u0107 i wygod\u0119 u\u017cytkowania na co dzie\u0144.<\/span><\/p>\n<p style=\"text-align: center;\" class=\"def\"><span style=\"font-size: 14pt;\" class=\"def\">Z pojemno\u015bci\u0105 a\u017c 6<strong class=\"def\">,1&nbsp;litra (\u00d828 x&nbsp;12,4 cm)<\/strong>&nbsp;sprawdzi si\u0119 idealnie do przygotowywania du\u017cych porcji potraw \u2013 zup, gulaszy, makaron\u00f3w czy da\u0144 jednogarnkowych dla ca\u0142ej rodziny.&nbsp;<strong class=\"def\">Pokrywka z hartowanego szk\u0142a<\/strong>&nbsp;posiada system mi\u0119kkiego domykania oraz silikonow\u0105 obr\u0119cz odporn\u0105 na wysok\u0105 temperatur\u0119, co gwarantuje bezpiecze\u0144stwo i komfort u\u017cytkowania.<\/span><\/p>\n<p style=\"text-align: center;\" class=\"def\"><span style=\"font-size: 14pt;\" class=\"def\">Elegancki wygl\u0105d w kolorze&nbsp;<strong class=\"def\">matowego kremu ze z\u0142otymi akcentami<\/strong>&nbsp;podkre\u015bla jego wyj\u0105tkowy charakter i idealnie wpisuje si\u0119 w styl nowoczesnych kuchni.<\/span><\/p>\n<p style=\"text-align: center;\" class=\"def\"><span style=\"font-size: 14pt;\" class=\"def\"><img fetchpriority=\"high\" decoding=\"async\" src=\"https:\/\/berlingerhaus.com.pl\/images\/tn107\/6000-7000\/Garnek-zaroodporny-z-pokrywka-24-cm-FashionTV-FTV-0069-Matte-Cream-Gold-Collection_[6346]_696.jpg\" width=\"790\" height=\"790\" alt=\"\" class=\"def\"><\/span><\/p>\n<h2 style=\"text-align: center;\" class=\"def\"><span style=\"font-size: 18pt;\" class=\"def\"><strong class=\"def\"><strong class=\"def\">Cechy produktu<\/strong><\/strong><\/span><\/h2>\n<p style=\"text-align: center;\" class=\"def\"><span style=\"font-size: 14pt;\" class=\"def\"><strong class=\"def\">Materia\u0142:<\/strong> Kute aluminium&nbsp;<\/span><\/p>\n<p style=\"text-align: center;\" class=\"def\"><span style=\"font-size: 14pt;\" class=\"def\"><strong class=\"def\">Pow\u0142oka:<\/strong> 3-warstwowa TitanPro&nbsp;<\/span><\/p>\n<p style=\"text-align: center;\" class=\"def\"><span style=\"font-size: 14pt;\" class=\"def\"><strong class=\"def\">Rozmiar:<\/strong> \u00d828 x 12,4 cm, pojemno\u015b\u0107 6,1 L&nbsp;<\/span><\/p>\n<p style=\"text-align: center;\" class=\"def\"><span style=\"font-size: 14pt;\" class=\"def\"><strong class=\"def\">Pokrywka:<\/strong>&nbsp;Hartowane szk\u0142o z systemem soft close i silikonow\u0105 obr\u0119cz\u0105 odporn\u0105 na ciep\u0142o<\/span><\/p>\n<p style=\"text-align: center;\" class=\"def\"><span style=\"font-size: 14pt;\" class=\"def\"><strong class=\"def\">Uchwyty:<\/strong>&nbsp;Ergonomiczne, typu soft touch \u2013 pozostaj\u0105 ch\u0142odne podczas gotowania<\/span><\/p>\n<p style=\"text-align: center;\" class=\"def\"><span style=\"font-size: 14pt;\" class=\"def\"><strong class=\"def\">Kolor:<\/strong>&nbsp;Matowy kremowy ze z\u0142otymi dodatkami \u2013 elegancki, minimalistyczny styl<\/span><\/p>\n<p style=\"text-align: center;\" class=\"def\"><span style=\"font-size: 14pt;\" class=\"def\"><strong class=\"def\">Dno turbo indukcyjne:<\/strong>&nbsp;szybkie i r\u00f3wnomierne nagrzewanie, energooszcz\u0119dno\u015b\u0107<\/span><\/p>\n<p style=\"text-align: center;\" class=\"def\"><span style=\"font-size: 14pt;\" class=\"def\"><strong class=\"def\">Kompatybilno\u015b\u0107:<\/strong>&nbsp;Wszystkie typy kuchenek \u2013 gazowa, elektryczna, ceramiczna, halogenowa, indukcyjna<\/span><\/p>\n<p style=\"text-align: center;\" class=\"def\"><span style=\"font-size: 14pt;\" class=\"def\"><strong class=\"def\">Eco Friendly:<\/strong>&nbsp;wolny od PFOA, o\u0142owiu i kadmu<\/span><\/p>\n<p style=\"text-align: center;\" class=\"def\"><span style=\"font-size: 14pt;\" class=\"def\"><strong class=\"def\">\u0141atwe czyszczenie<\/strong>&nbsp;\u2013 wygoda i oszcz\u0119dno\u015b\u0107 czasu<\/span><\/p>\n<p style=\"text-align: center;\" class=\"def\"><span style=\"font-size: 14pt;\" class=\"def\"><strong class=\"def\">Kolekcja:<\/strong>&nbsp;Matte Cream Gold Collection<\/span><\/p>\n<p style=\"text-align: center;\" class=\"def\"><span style=\"font-size: 14pt;\" class=\"def\"><img decoding=\"async\" src=\"https:\/\/berlingerhaus.com.pl\/images\/tn107\/6000-7000\/Garnek-zaroodporny-z-pokrywka-24-cm-FashionTV-FTV-0069-Matte-Cream-Gold-Collection_[6346]_696.jpg\" width=\"696\" height=\"696\" alt=\"\" class=\"def\"><\/span><\/p>\n","protected":false},"excerpt":{"rendered":"<p>Materia\u0142: Kute aluminium<br \/>\nPow\u0142oka: Nieprzywieraj\u0105ca, titanPro<br \/>\nWymiary: \u00d828<br \/>\nKolor: Matowy krem ze z\u0142otymi akcentami<br \/>\nKolekcja: Matte Cream Gold Collection<br \/>\n+pokrywka<br \/>\nCechy produktu<br \/>\nMateria\u0142: Kute aluminium<br \/>\nPow\u0142oka: 3-warstwowa TitanPro<br \/>\nRozmiar: \u00d828 x 12,4 cm, 6,1 L<br \/>\nPokrywka: Hartowane szk\u0142o z systemem soft close i silikonow\u0105 obr\u0119cz\u0105 odporn\u0105 na ciep\u0142o<br \/>\nUchwyty: Ergonomiczne, typu soft touch<br \/>\nKolor: Matowy kremowy ze z\u0142otymi dodatkami<br \/>\nDno turbo indukcyjne<br \/>\nKompatybilno\u015b\u0107: Wszystkie typy kuchenek \u2013 gazowa, elektryczna, ceramiczna, halogenowa, indukcyjna<br \/>\nEco Friendly: wolny od PFOA, o\u0142owiu i kadmu<br \/>\n\u0141atwe czyszczenie \u2013 Nie zalecamy mycia w zmywarce<br \/>\nKolekcja: Matte Cream Gold Collection<\/p>\n","protected":false},"featured_media":0,"comment_status":"open","ping_status":"closed","template":"","meta":{"ocean_post_layout":"","ocean_both_sidebars_style":"","ocean_both_sidebars_content_width":0,"ocean_both_sidebars_sidebars_width":0,"ocean_sidebar":"","ocean_second_sidebar":"","ocean_disable_margins":"enable","ocean_add_body_class":"","ocean_shortcode_before_top_bar":"","ocean_shortcode_after_top_bar":"","ocean_shortcode_before_header":"","ocean_shortcode_after_header":"","ocean_has_shortcode":"","ocean_shortcode_after_title":"","ocean_shortcode_before_footer_widgets":"","ocean_shortcode_after_footer_widgets":"","ocean_shortcode_before_footer_bottom":"","ocean_shortcode_after_footer_bottom":"","ocean_display_top_bar":"default","ocean_display_header":"default","ocean_header_style":"","ocean_center_header_left_menu":"","ocean_custom_header_template":"","ocean_custom_logo":0,"ocean_custom_retina_logo":0,"ocean_custom_logo_max_width":0,"ocean_custom_logo_tablet_max_width":0,"ocean_custom_logo_mobile_max_width":0,"ocean_custom_logo_max_height":0,"ocean_custom_logo_tablet_max_height":0,"ocean_custom_logo_mobile_max_height":0,"ocean_header_custom_menu":"","ocean_menu_typo_font_family":"","ocean_menu_typo_font_subset":"","ocean_menu_typo_font_size":0,"ocean_menu_typo_font_size_tablet":0,"ocean_menu_typo_font_size_mobile":0,"ocean_menu_typo_font_size_unit":"px","ocean_menu_typo_font_weight":"","ocean_menu_typo_font_weight_tablet":"","ocean_menu_typo_font_weight_mobile":"","ocean_menu_typo_transform":"","ocean_menu_typo_transform_tablet":"","ocean_menu_typo_transform_mobile":"","ocean_menu_typo_line_height":0,"ocean_menu_typo_line_height_tablet":0,"ocean_menu_typo_line_height_mobile":0,"ocean_menu_typo_line_height_unit":"","ocean_menu_typo_spacing":0,"ocean_menu_typo_spacing_tablet":0,"ocean_menu_typo_spacing_mobile":0,"ocean_menu_typo_spacing_unit":"","ocean_menu_link_color":"","ocean_menu_link_color_hover":"","ocean_menu_link_color_active":"","ocean_menu_link_background":"","ocean_menu_link_hover_background":"","ocean_menu_link_active_background":"","ocean_menu_social_links_bg":"","ocean_menu_social_hover_links_bg":"","ocean_menu_social_links_color":"","ocean_menu_social_hover_links_color":"","ocean_disable_title":"default","ocean_disable_heading":"default","ocean_post_title":"","ocean_post_subheading":"","ocean_post_title_style":"","ocean_post_title_background_color":"","ocean_post_title_background":0,"ocean_post_title_bg_image_position":"","ocean_post_title_bg_image_attachment":"","ocean_post_title_bg_image_repeat":"","ocean_post_title_bg_image_size":"","ocean_post_title_height":0,"ocean_post_title_bg_overlay":0.5,"ocean_post_title_bg_overlay_color":"","ocean_disable_breadcrumbs":"default","ocean_breadcrumbs_color":"","ocean_breadcrumbs_separator_color":"","ocean_breadcrumbs_links_color":"","ocean_breadcrumbs_links_hover_color":"","ocean_display_footer_widgets":"default","ocean_display_footer_bottom":"default","ocean_custom_footer_template":""},"product_brand":[],"product_cat":[15],"product_tag":[3954,3898,4392,4570],"class_list":{"0":"post-6544","1":"product","2":"type-product","3":"status-publish","5":"product_cat-wszystkie-produkty","6":"product_tag-3954","7":"product_tag-3898","8":"product_tag-fashion-by-berlingerhaus","9":"product_tag-ftv-0069","11":"entry","13":"first","14":"instock","15":"shipping-taxable","16":"product-type-simple","17":"has-product-nav","18":"col","19":"span_1_of_4","20":"owp-content-center","21":"owp-thumbs-layout-horizontal","22":"owp-btn-normal","23":"owp-tabs-layout-horizontal","24":"has-no-thumbnails"},"jetpack_sharing_enabled":true,"_links":{"self":[{"href":"https:\/\/domigoo.pl\/index.php\/wp-json\/wp\/v2\/product\/6544","targetHints":{"allow":["GET"]}}],"collection":[{"href":"https:\/\/domigoo.pl\/index.php\/wp-json\/wp\/v2\/product"}],"about":[{"href":"https:\/\/domigoo.pl\/index.php\/wp-json\/wp\/v2\/types\/product"}],"replies":[{"embeddable":true,"href":"https:\/\/domigoo.pl\/index.php\/wp-json\/wp\/v2\/comments?post=6544"}],"wp:attachment":[{"href":"https:\/\/domigoo.pl\/index.php\/wp-json\/wp\/v2\/media?parent=6544"}],"wp:term":[{"taxonomy":"product_brand","embeddable":true,"href":"https:\/\/domigoo.pl\/index.php\/wp-json\/wp\/v2\/product_brand?post=6544"},{"taxonomy":"product_cat","embeddable":true,"href":"https:\/\/domigoo.pl\/index.php\/wp-json\/wp\/v2\/product_cat?post=6544"},{"taxonomy":"product_tag","embeddable":true,"href":"https:\/\/domigoo.pl\/index.php\/wp-json\/wp\/v2\/product_tag?post=6544"}],"curies":[{"name":"wp","href":"https:\/\/api.w.org\/{rel}","templated":true}]}}