{"id":6555,"date":"2025-09-12T10:27:32","date_gmt":"2025-09-12T08:27:32","guid":{"rendered":"https:\/\/domigoo.pl\/index.php\/produkt\/gleboka-patelnia-z-pokrywka-24-cm-berlingerhaus-bh-8352-black-rose-collection\/"},"modified":"2026-04-20T14:27:18","modified_gmt":"2026-04-20T12:27:18","slug":"gleboka-patelnia-z-pokrywka-24-cm-berlingerhaus-bh-8352-black-rose-collection","status":"publish","type":"product","link":"https:\/\/domigoo.pl\/index.php\/produkt\/gleboka-patelnia-z-pokrywka-24-cm-berlingerhaus-bh-8352-black-rose-collection\/","title":{"rendered":"G\u0142\u0119boka patelnia z pokrywk\u0105 24 cm BerlingerHaus BH- 8352 | Black Rose Collection"},"content":{"rendered":"<h1 style=\"text-align: center;\" class=\"def\"><strong class=\"def\">G\u0142\u0119boka patelnia z pokrywk\u0105 24 cm BerlingerHaus <\/strong><\/h1>\n<h1 style=\"text-align: center;\" class=\"def\"><strong class=\"def\">BH- 8352 | Black Rose Collection<\/strong><\/h1>\n<hr class=\"def\">\n<p style=\"text-align: center;\" class=\"def\"><span style=\"font-size: 14pt;\" class=\"def\">Styl, trwa\u0142o\u015b\u0107 i wygoda w codziennym gotowaniu \u2013 to znak rozpoznawczy <strong data-start=\"258\" data-end=\"301\" class=\"def\">kolekcji Black Rose marki BerlingerHaus<\/strong>.<\/span><\/p>\n<p style=\"text-align: center;\" class=\"def\"><span style=\"font-size: 14pt;\" class=\"def\">&nbsp;G\u0142\u0119boka patelnia \u00d824 cm to idealne po\u0142\u0105czenie elegancji i nowoczesnych rozwi\u0105za\u0144 technologicznych.<\/span><\/p>\n<p style=\"text-align: center;\" class=\"def\"><span style=\"font-size: 14pt;\" class=\"def\"><img fetchpriority=\"high\" decoding=\"async\" src=\"https:\/\/berlingerhaus.com.pl\/images\/tn107\/5000-6000\/Gleboka-patelnia-z-pokrywka-24-cm-BerlingerHaus-BH-8352-Black-Rose-Collection_[5977]_696.jpg\" width=\"696\" height=\"696\" alt=\"\" class=\"def\"><\/span><\/p>\n<h2 style=\"text-align: center;\" class=\"def\"><span style=\"font-size: 18pt;\" class=\"def\"><strong data-start=\"403\" data-end=\"422\" class=\"def\"><strong class=\"def\">Cechy produktu:<\/strong><\/strong><\/span><\/h2>\n<p data-start=\"426\" data-end=\"452\" style=\"text-align: center;\" class=\"def\"><span style=\"font-size: 14pt;\" class=\"def\"><strong data-start=\"426\" data-end=\"436\" class=\"def\">Marka:<\/strong> BerlingerHaus<\/span><\/p>\n<p data-start=\"455\" data-end=\"481\" style=\"text-align: center;\" class=\"def\"><span style=\"font-size: 14pt;\" class=\"def\"><strong data-start=\"455\" data-end=\"468\" class=\"def\">Kolekcja:<\/strong> Black Rose<\/span><\/p>\n<p data-start=\"484\" data-end=\"538\" style=\"text-align: center;\" class=\"def\"><span style=\"font-size: 14pt;\" class=\"def\"><strong data-start=\"484\" data-end=\"496\" class=\"def\">Wymiary:<\/strong> \u00d824 cm, wysoko\u015b\u0107 6,5 cm, pojemno\u015b\u0107 2,3L<\/span><\/p>\n<p data-start=\"541\" data-end=\"620\" style=\"text-align: center;\" class=\"def\"><span style=\"font-size: 14pt;\" class=\"def\"><strong data-start=\"541\" data-end=\"554\" class=\"def\">Materia\u0142:<\/strong> kute aluminium z <strong data-start=\"572\" data-end=\"618\" class=\"def\">potr\u00f3jn\u0105 nieprzywieraj\u0105c\u0105 pow\u0142ok\u0105 titanPro<\/strong><\/span><\/p>\n<p data-start=\"623\" data-end=\"689\" style=\"text-align: center;\" class=\"def\"><span style=\"font-size: 14pt;\" class=\"def\"><strong data-start=\"623\" data-end=\"633\" class=\"def\">Kolor:<\/strong> matowa czer\u0144 z detalami w odcieniu <strong data-start=\"669\" data-end=\"687\" class=\"def\">r\u00f3\u017cowego z\u0142ota<\/strong><\/span><\/p>\n<p data-start=\"692\" data-end=\"789\" style=\"text-align: center;\" class=\"def\"><span style=\"font-size: 14pt;\" class=\"def\"><strong data-start=\"692\" data-end=\"705\" class=\"def\">Pokrywka:<\/strong> szk\u0142o hartowane z systemem <strong data-start=\"733\" data-end=\"747\" class=\"def\">soft close<\/strong> i <strong data-start=\"750\" data-end=\"787\" class=\"def\">odporno\u015bci\u0105 na wysok\u0105 temperatur\u0119<\/strong><\/span><\/p>\n<p data-start=\"792\" data-end=\"883\" style=\"text-align: center;\" class=\"def\"><span style=\"font-size: 14pt;\" class=\"def\"><strong data-start=\"792\" data-end=\"811\" class=\"def\">Uchwyt i ga\u0142ka:<\/strong> ergonomiczne, <strong data-start=\"826\" data-end=\"840\" class=\"def\">soft touch<\/strong>, typu <strong data-start=\"847\" data-end=\"860\" class=\"def\">stay cool<\/strong> \u2013 nie nagrzewaj\u0105 si\u0119<\/span><\/p>\n<p data-start=\"886\" data-end=\"946\" style=\"text-align: center;\" class=\"def\"><span style=\"font-size: 14pt;\" class=\"def\"><strong data-start=\"886\" data-end=\"902\" class=\"def\">Otw\u00f3r parowy<\/strong> w pokrywce u\u0142atwiaj\u0105cy kontrol\u0119 gotowania<\/span><\/p>\n<p data-start=\"949\" data-end=\"994\" style=\"text-align: center;\" class=\"def\"><span style=\"font-size: 14pt;\" class=\"def\"><strong data-start=\"949\" data-end=\"958\" class=\"def\">Styl:<\/strong> minimalistyczny, matowe wyko\u0144czenie<\/span><\/p>\n","protected":false},"excerpt":{"rendered":"<p>Marka: BerlingerHaus<br \/>\nKolekcja: Black Rose<br \/>\nWymiary: \u00d824 cm, wysoko\u015b\u0107 6,5 cm, pojemno\u015b\u0107 2,3L<\/p>\n","protected":false},"featured_media":0,"comment_status":"open","ping_status":"closed","template":"","meta":{"ocean_post_layout":"","ocean_both_sidebars_style":"","ocean_both_sidebars_content_width":0,"ocean_both_sidebars_sidebars_width":0,"ocean_sidebar":"","ocean_second_sidebar":"","ocean_disable_margins":"enable","ocean_add_body_class":"","ocean_shortcode_before_top_bar":"","ocean_shortcode_after_top_bar":"","ocean_shortcode_before_header":"","ocean_shortcode_after_header":"","ocean_has_shortcode":"","ocean_shortcode_after_title":"","ocean_shortcode_before_footer_widgets":"","ocean_shortcode_after_footer_widgets":"","ocean_shortcode_before_footer_bottom":"","ocean_shortcode_after_footer_bottom":"","ocean_display_top_bar":"default","ocean_display_header":"default","ocean_header_style":"","ocean_center_header_left_menu":"","ocean_custom_header_template":"","ocean_custom_logo":0,"ocean_custom_retina_logo":0,"ocean_custom_logo_max_width":0,"ocean_custom_logo_tablet_max_width":0,"ocean_custom_logo_mobile_max_width":0,"ocean_custom_logo_max_height":0,"ocean_custom_logo_tablet_max_height":0,"ocean_custom_logo_mobile_max_height":0,"ocean_header_custom_menu":"","ocean_menu_typo_font_family":"","ocean_menu_typo_font_subset":"","ocean_menu_typo_font_size":0,"ocean_menu_typo_font_size_tablet":0,"ocean_menu_typo_font_size_mobile":0,"ocean_menu_typo_font_size_unit":"px","ocean_menu_typo_font_weight":"","ocean_menu_typo_font_weight_tablet":"","ocean_menu_typo_font_weight_mobile":"","ocean_menu_typo_transform":"","ocean_menu_typo_transform_tablet":"","ocean_menu_typo_transform_mobile":"","ocean_menu_typo_line_height":0,"ocean_menu_typo_line_height_tablet":0,"ocean_menu_typo_line_height_mobile":0,"ocean_menu_typo_line_height_unit":"","ocean_menu_typo_spacing":0,"ocean_menu_typo_spacing_tablet":0,"ocean_menu_typo_spacing_mobile":0,"ocean_menu_typo_spacing_unit":"","ocean_menu_link_color":"","ocean_menu_link_color_hover":"","ocean_menu_link_color_active":"","ocean_menu_link_background":"","ocean_menu_link_hover_background":"","ocean_menu_link_active_background":"","ocean_menu_social_links_bg":"","ocean_menu_social_hover_links_bg":"","ocean_menu_social_links_color":"","ocean_menu_social_hover_links_color":"","ocean_disable_title":"default","ocean_disable_heading":"default","ocean_post_title":"","ocean_post_subheading":"","ocean_post_title_style":"","ocean_post_title_background_color":"","ocean_post_title_background":0,"ocean_post_title_bg_image_position":"","ocean_post_title_bg_image_attachment":"","ocean_post_title_bg_image_repeat":"","ocean_post_title_bg_image_size":"","ocean_post_title_height":0,"ocean_post_title_bg_overlay":0.5,"ocean_post_title_bg_overlay_color":"","ocean_disable_breadcrumbs":"default","ocean_breadcrumbs_color":"","ocean_breadcrumbs_separator_color":"","ocean_breadcrumbs_links_color":"","ocean_breadcrumbs_links_hover_color":"","ocean_display_footer_widgets":"default","ocean_display_footer_bottom":"default","ocean_custom_footer_template":""},"product_brand":[],"product_cat":[15],"product_tag":[3954,3898,3897,4135],"class_list":{"0":"post-6555","1":"product","2":"type-product","3":"status-publish","5":"product_cat-wszystkie-produkty","6":"product_tag-3954","7":"product_tag-3898","8":"product_tag-berlinger-haus","9":"product_tag-bh-8352","11":"entry","13":"first","14":"instock","15":"shipping-taxable","16":"product-type-simple","17":"has-product-nav","18":"col","19":"span_1_of_4","20":"owp-content-center","21":"owp-thumbs-layout-horizontal","22":"owp-btn-normal","23":"owp-tabs-layout-horizontal","24":"has-no-thumbnails"},"jetpack_sharing_enabled":true,"_links":{"self":[{"href":"https:\/\/domigoo.pl\/index.php\/wp-json\/wp\/v2\/product\/6555","targetHints":{"allow":["GET"]}}],"collection":[{"href":"https:\/\/domigoo.pl\/index.php\/wp-json\/wp\/v2\/product"}],"about":[{"href":"https:\/\/domigoo.pl\/index.php\/wp-json\/wp\/v2\/types\/product"}],"replies":[{"embeddable":true,"href":"https:\/\/domigoo.pl\/index.php\/wp-json\/wp\/v2\/comments?post=6555"}],"wp:attachment":[{"href":"https:\/\/domigoo.pl\/index.php\/wp-json\/wp\/v2\/media?parent=6555"}],"wp:term":[{"taxonomy":"product_brand","embeddable":true,"href":"https:\/\/domigoo.pl\/index.php\/wp-json\/wp\/v2\/product_brand?post=6555"},{"taxonomy":"product_cat","embeddable":true,"href":"https:\/\/domigoo.pl\/index.php\/wp-json\/wp\/v2\/product_cat?post=6555"},{"taxonomy":"product_tag","embeddable":true,"href":"https:\/\/domigoo.pl\/index.php\/wp-json\/wp\/v2\/product_tag?post=6555"}],"curies":[{"name":"wp","href":"https:\/\/api.w.org\/{rel}","templated":true}]}}